 130?
26
Calculate the highest common factor of 552 and 1863.
69
Calculate the highest common factor of 412 and 6798.
206
What is the highest common divisor of 346 and 14359?
173
Calculate the highest common divisor of 2080 and 90.
10
Calculate the greatest common divisor of 14934 and 131.
131
What is the highest common divisor of 270 and 12?
6
Calculate the highest common divisor of 31714 and 202.
202
What is the greatest common factor of 510 and 15?
15
What is the highest common factor of 116 and 1537?
29
Calculate the greatest common factor of 39 and 9.
3
What is the greatest common factor of 53920 and 20?
20
Calculate the highest common factor of 3124 and 88.
44
Calculate the greatest common factor of 38 and 1425.
19
What is the highest common divisor of 3069 and 1089?
99
What is the highest common divisor of 165 and 120?
15
What is the greatest common factor of 42 and 5376?
42
Calculate the greatest common factor of 371 and 28.
7
Calculate the highest common divisor of 846 and 342.
18
What is the greatest common divisor of 180 and 32?
4
Calculate the greatest common factor of 36 and 228.
12
Calculate the highest common divisor of 160 and 12.
4
Calculate the greatest common divisor of 18 and 477.
9
What is the greatest common divisor of 143 and 2106?
13
Calculate the greatest common divisor of 108 and 1188.
108
What is the greatest common divisor of 546 and 1014?
78
What is the highest common divisor of 147 and 189?
21
Calculate the greatest common factor of 5 and 265.
5
Calculate the greatest common divisor of 520 and 65.
65
Calculate the greatest common divisor of 5 and 140.
5
What is the highest common factor of 136 and 289?
17
Calculate the highest common divisor of 6880 and 160.
160
Calculate the greatest common divisor of 2490 and 90.
30
What is the greatest common factor of 968 and 3784?
88
What is the highest common factor of 1848 and 168?
168
Calculate the highest common divisor of 26442 and 78.
78
What is the highest common divisor of 87 and 1479?
87
What is the greatest common divisor of 222 and 814?
74
What is the highest common factor of 1166 and 742?
106
What is the highest common divisor of 18460 and 60?
20
Calculate the greatest common factor of 1086 and 6.
6
Calculate the highest common divisor of 371 and 265.
53
What is the highest common divisor of 247 and 57?
19
What is the greatest common divisor of 14 and 35?
7
Calculate the greatest common divisor of 72 and 288.
72
What is the greatest common divisor of 5 and 625?
5
Calculate the highest common factor of 7208 and 408.
136
Calculate the highest common factor of 162 and 1038.
6
Calculate the greatest common divisor of 1 and 31.
1
What is the greatest common factor of 115 and 115?
115
What is the greatest common factor of 327 and 3?
3
Calculate the greatest common divisor of 375 and 45.
15
Calculate the highest common divisor of 54 and 3708.
18
Calculate the greatest common divisor of 38 and 1026.
38
What is the greatest common divisor of 10 and 80?
10
Calculate the greatest common divisor of 126 and 322.
14
Calculate the highest common divisor of 525 and 29575.
175
Calculate the greatest common factor of 294 and 126.
42
Calculate the greatest common divisor of 272 and 4.
4
What is the highest common divisor of 2645 and 460?
115
Calculate the highest common divisor of 31 and 1457.
31
What is the highest common factor of 1780 and 120?
20
Calculate the greatest common divisor of 148 and 4.
4
What is the greatest common factor of 52 and 884?
52
Calculate the highest common factor of 24 and 24.
24
What is the greatest common factor of 100 and 70?
10
Calculate the greatest common divisor of 37 and 40441.
37
What is the greatest common factor of 36 and 3396?
12
Calculate the highest common divisor of 53 and 901.
53
What is the greatest common factor of 21 and 420?
21
What is the highest common divisor of 5 and 5?
5
Calculate the highest common factor of 17095 and 52.
13
What is the greatest common factor of 264 and 165?
33
Calculate the greatest common factor of 91 and 156.
13
Calculate the highest common divisor of 1672 and 44.
44
What is the greatest common factor of 168 and 72?
24
What is the highest common divisor of 80 and 7100?
20
What is the highest common factor of 525 and 2667?
21
Calculate the highest common divisor of 176 and 8.
8
What is the greatest common factor of 2 and 2638?
2
Calculate the greatest common divisor of 176 and 3056.
16
What is the greatest common divisor of 120 and 75?
15
What is the greatest common divisor of 192 and 848?
16
Calculate the greatest common factor of 6000 and 1350.
150
What is the highest common divisor of 12 and 54?
6
Calculate the greatest common factor of 80 and 42080.
80
Calculate the greatest common factor of 299 and 368.
23
Calculate the greatest common factor of 115 and 69.
23
What is the greatest common factor of 12 and 54?
6
What is the highest common factor of 128 and 80?
16
Calculate the greatest common divisor of 266 and 2907.
19
What is the highest common divisor of 216 and 1026?
54
What is the greatest common divisor of 10704 and 16?
16
Calculate the highest common divisor of 117 and 78.
39
What is the highest common divisor of 77 and 22?
11
Calculate the greatest common factor of 186 and 12.
6
What is the highest common factor of 126 and 168?
42
What is the highest common divisor of 25788 and 12?
12
What is the highest common divisor of 21917 and 101?
101
Calculate the greatest common divisor of 8 and 71704.
8
What is the highest common divisor of 24 and 200?
8
What is the greatest common factor of 679 and 2425?
97
What is the greatest common factor of 11 and 34584?
11
Calculate the highest common factor of 4069 and 13.
13
What is the highest common factor of 55 and 15?
5
What is the highest common factor of 600 and 50?
50
What is the greatest common factor of 20 and 2060?
20
What is the greatest common divisor of 351 and 5343?
39
Calculate the highest common factor of 708 and 804.
12
What is the highest common divisor of 28 and 406?
14
Calculate the highest common divisor of 181 and 4163.
181
What is the greatest common factor of 49 and 6272?
49
Calculate the highest common factor of 9367 and 2584.
323
Calculate the highest common divisor of 92 and 4.
4
Calculate the greatest common divisor of 17532 and 9.
9
Calculate the greatest common factor of 6148 and 58.
58
What is the highest common divisor of 132 and 36?
12
Calculate the greatest common divisor of 294 and 243.
3
What is the greatest common divisor of 82 and 30094?
82
Calculate the highest common divisor of 606 and 18.
6
What is the greatest common factor of 208 and 3504?
16
What is the greatest common factor of 3645 and 300?
15
Calculate the highest common divisor of 940 and 140.
20
Calculate the highest common divisor of 72 and 40.
8
Calculate the highest common factor of 2581 and 2136.
89
What is the greatest common divisor of 21137 and 23?
23
Calculate the greatest common factor of 84 and 77.
7
Calculate the greatest common factor of 3857 and 406.
203
Calculate the highest common factor of 12 and 222.
6
Calculate the highest common factor of 24 and 2976.
24
Calculate the highest common factor of 154 and 1430.
22
What is the greatest common factor of 9259 and 329?
47
What is the highest common divisor of 1158 and 72?
6
Calculate the highest common divisor of 2346 and 1794.
138
Calculate the greatest common divisor of 1393 and 796.
199
What is the greatest common divisor of 108 and 276?
12
What is the greatest common factor of 20 and 470?
10
Calculate the highest common factor of 2545 and 15.
5
What is the greatest common factor of 136 and 935?
17
What is the greatest common divisor of 8 and 104?
8
Calculate the highest common factor of 6 and 30.
6
Calculate the highest common divisor of 136 and 34.
34
Calculate the greatest common divisor of 140 and 40.
20
Calculate the greatest common divisor of 158 and 23858.
158
What is the greatest common factor of 55 and 352?
11
What is the greatest common divisor of 394 and 38021?
197
What is the greatest common divisor of 20 and 170?
10
What is the highest common divisor of 4891 and 584?
73
Calculate the greatest common divisor of 1221 and 999.
111
What is the greatest common divisor of 90 and 3800?
10
What is